ivided by 54?
35
Calculate the remainder when 10106895 is divided by 1825.
45
Calculate the remainder when 602793 is divided by 7865.
5053
Calculate the remainder when 2015111 is divided by 183191.
10
Calculate the remainder when 203838 is divided by 8484.
222
Calculate the remainder when 2000769 is divided by 41.
10
What is the remainder when 219939 is divided by 4310?
129
Calculate the remainder when 414907 is divided by 120.
67
Calculate the remainder when 40698 is divided by 52.
34
Calculate the remainder when 36493038 is divided by 1585.
1583
Calculate the remainder when 2183 is divided by 1117.
1066
What is the remainder when 58492 is divided by 1505?
1302
Calculate the remainder when 85232021 is divided by 9470224.
5
Calculate the remainder when 1055093 is divided by 175845.
23
Calculate the remainder when 262857 is divided by 211.
162
Calculate the remainder when 8709383 is divided by 16781.
44
What is the remainder when 1702839 is divided by 163?
141
Calculate the remainder when 24068286 is divided by 6017063.
34
What is the remainder when 1728898 is divided by 218?
158
Calculate the remainder when 28695684 is divided by 15.
9
Calculate the remainder when 64577670 is divided by 2468.
2450
Calculate the remainder when 267377 is divided by 2458.
1913
Calculate the remainder when 54468 is divided by 13593.
96
Calculate the remainder when 327665575 is divided by 3993.
3988
Calculate the remainder when 4542 is divided by 480.
222
Calculate the remainder when 4185606 is divided by 499.
493
What is the remainder when 27442677 is divided by 12?
9
What is the remainder when 8941559 is divided by 493?
18
Calculate the remainder when 1677068 is divided by 90.
8
What is the remainder when 757045 is divided by 98?
93
What is the remainder when 2613700 is divided by 121?
100
Calculate the remainder when 203812 is divided by 9678.
574
Calculate the remainder when 2497255 is divided by 31.
19
Calculate the remainder when 436712 is divided by 16787.
250
What is the remainder when 44804716 is divided by 1062?
1060
What is the remainder when 1842173 is divided by 429?
47
Calculate the remainder when 369706265 is divided by 46213283.
1
Calculate the remainder when 1799269 is divided by 2940.
2929
Calculate the remainder when 145625073 is divided by 29125014.
3
Calculate the remainder when 19488275 is divided by 20.
15
Calculate the remainder when 7074730 is divided by 2358175.
205
What is the remainder when 2056541 is divided by 228504?
5
What is the remainder when 34484323 is divided by 4209?
4195
Calculate the remainder when 440819 is divided by 440614.
205
What is the remainder when 3044157 is divided by 72?
69
Calculate the remainder when 7378637 is divided by 78.
71
Calculate the remainder when 61353330 is divided by 2491.
0
Calculate the remainder when 213451 is divided by 1779.
1750
What is the remainder when 4964454 is divided by 33?
0
Calculate the remainder when 3655060499 is divided by 875.
874
What is the remainder when 57455899 is divided by 1490?
9
Calculate the remainder when 154894 is divided by 1683.
58
What is the remainder when 1514526 is divided by 118?
114
Calculate the remainder when 1610964 is divided by 402723.
72
Calculate the remainder when 50119821 is divided by 542.
539
What is the remainder when 222488 is divided by 73?
57
What is the remainder when 82033642 is divided by 847?
845
Calculate the remainder when 2389295 is divided by 169.
142
What is the remainder when 2396910 is divided by 639?
21
What is the remainder when 8725085 is divided by 117?
44
What is the remainder when 12569773 is divided by 134?
37
Calculate the remainder when 4540216 is divided by 761.
90
Calculate the remainder when 28404 is divided by 7054.
188
Calculate the remainder when 1310057 is divided by 1518.
23
Calculate the remainder when 42944407 is divided by 247.
246
Calculate the remainder when 23937627 is divided by 2617.
2545
What is the remainder when 3137900 is divided by 946?
18
What is the remainder when 291917417 is divided by 19?
11
What is the remainder when 1889328 is divided by 28?
0
What is the remainder when 1073174 is divided by 214?
178
Calculate the remainder when 213388 is divided by 95.
18
Calculate the remainder when 15267979 is divided by 91.
90
Calculate the remainder when 20532616 is divided by 2454.
2452
What is the remainder when 21387013 is divided by 585?
583
What is the remainder when 31904 is divided by 1768?
80
Calculate the remainder when 55881374 is divided by 7517.
7513
What is the remainder when 3531011 is divided by 43061?
9
Calculate the remainder when 37129514 is divided by 49.
9
What is the remainder when 5370431 is divided by 2747?
46
What is the remainder when 2051556 is divided by 32?
4
What is the remainder when 63417498 is divided by 21139157?
27
Calculate the remainder when 180434 is divided by 571.
569
What is the remainder when 280439 is divided by 88?
71
Calculate the remainder when 2633730 is divided by 1028.
1022
What is the remainder when 891621 is divided by 25474?
31
What is the remainder when 3266606 is divided by 83759?
5
What is the remainder when 18568 is divided by 9186?
196
What is the remainder when 350268 is divided by 125?
18
What is the remainder when 4715673 is divided by 431?
102
What is the remainder when 983916 is divided by 376?
300
What is the remainder when 5874819 is divided by 6463?
6415
Calculate the remainder when 4177292 is divided by 1044316.
28
Calculate the remainder when 1471946 is divided by 1510.
1206
What is the remainder when 1221216 is divided by 1609?
1594
What is the remainder when 5307338 is divided by 1769026?
260
What is the remainder when 12679704 is divided by 1098?
0
What is the remainder when 95664 is divided by 15?
9
Calculate the remainder when 155416 is divided by 17200.
616
Calculate the remainder when 76244 is divided by 10870.
154
Calculate the remainder when 78257 is divided by 13027.
95
What is the remainder when 23355799 is divided by 8?
7
Calculate the remainder when 14145193 is divided by 271.
77
What is the remainder when 1649428 is divided by 19170?
808
What is the remainder when 5314859 is divided by 483162?
77
What is the remainder when 936954 is divided by 752?
714
Calculate the remainder when 37155 is divided by 8712.
2307
Calculate the remainder when 276800737 is divided by 95.
92
Calculate the remainder when 267556 is divided by 3115.
2781
Calculate the remainder when 33593 is divided by 8280.
473
Calculate the remainder when 28264674 is divided by 9.
3
What is the remainder when 16277 is divided by 4068?
5
Calculate the remainder when 21666071 is divided by 59851.
9
What is the remainder when 1253256 is divided by 543?
12
Calculate the remainder when 4271948 is divided by 1461.
1445
Calculate the remainder when 203235 is divided by 4167.
3219
What is the remainder when 115352 is divided by 16469?
69
Calculate the remainder when 19383869 is divided by 19383863.
6
What is the remainder when 422714 is divided by 5419?
32
What is the remainder when 1669150 is divided by 87684?
3154
Calculate the remainder when 34908142 is divided by 213.
211
Calculate the remainder when 284760 is divided by 71143.
188
Calculate the remainder when 188716 is divided by 8759.
4777
Calculate the remainder when 25652 is divided by 300.
152
Calculate the remainder when 491287 is divided by 30297.
6535
Calculate the remainder when 5229439 is divided by 1714.
25
What is the remainder when 9780 is divided by 2980?
840
Calculate the remainder when 324045145 is divided by 69.
31
Calculate the remainder when 2933539 is divided by 977656.
571
What is the remainder when 863993 is divided by 60?
53
What is the remainder when 6121706 is divided by 615?
611
Calculate the remainder when 152833 is divided by 37975.
933
Calculate the remainder when 473119 is divided by 1424.
351
What is the remainder when 1377335 is divided by 330?
245
What is the remainder when 157848 is divided by 157747?
101
Calculate the remainder when 29613706 is divided by 42.
10
Calculate the remainder when 709196374 is divided by 17.
13
What is the remainder when 701339 is divided by 140248?
99
Calculate the remainder when 466314 is divided by 155433.
15
What is the remainder when 308100 is divided by